{"id":1301,"date":"2020-10-22T14:51:36","date_gmt":"2020-10-22T14:51:36","guid":{"rendered":"https:\/\/engage.bullhorn.com\/engagex-europe-2020\/?page_id=1301"},"modified":"2020-10-22T16:00:32","modified_gmt":"2020-10-22T16:00:32","slug":"french-content","status":"publish","type":"page","link":"https:\/\/engage.bullhorn.com\/engagex-europe-2020\/french-content\/","title":{"rendered":"French content"},"content":{"rendered":"<h1 style=\"text-align: center\">Sessions focalis\u00e9es sur le march\u00e9 Fran\u00e7ais<\/h1>\n<p style=\"text-align: center\"><a href=\"https:\/\/engage.bullhorn.com\/engagex-europe-2020\/register-now\/\">Enregistrez-vous!<\/a><\/p>\n<p>Rendez-nous visite \u00e0\u00a0 EngageX Europe 2020, o\u00f9\u00a0 des centaines d&#8217;experts de l\u2019industrie du recrutement se r\u00e9unissent dans un \u00e9v\u00e9nement virtuel pour networker, apprendre et discuter des d\u00e9fis, des tendances et des opportunit\u00e9s commerciales disponibles aux acteurs du march\u00e9 aujourd\u2019hui.<\/p>\n<p>Cette ann\u00e9e, nous vous proposons un total de deux s\u00e9ances en petits commit\u00e9 en fran\u00e7ais, adapt\u00e9es aux besoins r\u00e9gionaux sp\u00e9cifiques du march\u00e9 fran\u00e7ais. Bien s&#251; r, vous pouvez \u00e9galement participer \u00e0 nos sessions en anglais, telles que le session d&#8217;ouverture Vision for Innovation pr\u00e9sent\u00e9e par notre CTO et Pr\u00e9sident Matt Fisher ou encore d\u00e9couvrir les offres de nos partenaires dans le Marketplace Showdown.<\/p>\n<h4>R\u00e9silience en p\u00e9riode de turbulence et strat\u00e9gies de r\u00e9tablissement.<\/h4>\n<p><img loading=\"lazy\" decoding=\"async\" src=\"https:\/\/engage.bullhorn.com\/engagex-europe-2020\/wp-content\/uploads\/sites\/11\/2020\/10\/EngageX_Arnaud_Brun-300x300.jpg\" alt=\"\" width=\"300\" height=\"300\" \/><\/p>\n<p style=\"text-align: center\"><a href=\"https:\/\/engage.bullhorn.com\/engagex-europe-2020\/speakers\/arnaud-brun\/\"><em>Arnaud Brun<\/em><\/a><\/p>\n<p><img loading=\"lazy\" decoding=\"async\" src=\"https:\/\/engage.bullhorn.com\/engagex-europe-2020\/wp-content\/uploads\/sites\/11\/2020\/10\/EngageX_Jeaneudeslefebure-1-300x300.jpg\" alt=\"\" width=\"300\" height=\"300\" \/><\/p>\n<p style=\"text-align: center\"><a href=\"https:\/\/engage.bullhorn.com\/engagex-europe-2020\/speakers\/jean-eudes-lefebure\/\"><em>Jean-Eudes Lef\u00e9bure<\/em><\/a><\/p>\n<p><img loading=\"lazy\" decoding=\"async\" src=\"https:\/\/engage.bullhorn.com\/engagex-europe-2020\/wp-content\/uploads\/sites\/11\/2020\/10\/EngageX_Matthieu_Libessart-300x300.jpg\" alt=\"\" width=\"300\" height=\"300\" \/><\/p>\n<p style=\"text-align: center\"><a href=\"https:\/\/engage.bullhorn.com\/engagex-europe-2020\/speakers\/mathieu-libessart\/\"><em>Mathieu Libessart<\/em><\/a><\/p>\n<p><img loading=\"lazy\" decoding=\"async\" src=\"https:\/\/engage.bullhorn.com\/engagex-europe-2020\/wp-content\/uploads\/sites\/11\/2020\/10\/EngageX_Nico_Roux-1-300x300.jpg\" alt=\"\" width=\"300\" height=\"300\" \/><\/p>\n<p style=\"text-align: center\"><a href=\"https:\/\/engage.bullhorn.com\/engagex-europe-2020\/speakers\/nico-roux\/\"><em>Nico Roux<\/em><\/a><\/p>\n<p>Rejoignez-nous pour une discussion con\u00e7ue pour vous donner des id\u00e9es de r\u00e9flexions dans votre entreprise sur la fa\u00e7on dont vous pouvez efficacement vous prot\u00e9ger pour l\u2019avenir contre ce qui pourrait vous arriver. Nous parlerons \u00e0\u00a0 des pan\u00e9listes experts qui partageront des exemples concrets de changements qu\u2019ils ont mis en \u0153uvre (\u00e0\u00a0 la fois d\u2019un point de vue strat\u00e9gique et technologique) ainsi que de leur approche de la structure organisationnelle et de leur adoption pour garantir que ces changements apportent la r\u00e9silience et les capacit\u00e9s de r\u00e9tablissement qui vous conduira aux r\u00e9sultats souhait\u00e9s.<\/p>\n<h4>Pr\u00e9parer l\u2019avenir: le r\u00f4 le du marketing dans la stimulation des activit\u00e9s de la vente et du recrutement<\/h4>\n<p><img loading=\"lazy\" decoding=\"async\" src=\"https:\/\/engage.bullhorn.com\/engagex-europe-2020\/wp-content\/uploads\/sites\/11\/2020\/10\/EngageX_Julien_Geffriaud-300x300.jpg\" alt=\"\" width=\"300\" height=\"300\" \/><\/p>\n<p style=\"text-align: center\"><a href=\"https:\/\/engage.bullhorn.com\/engagex-europe-2020\/speakers\/julien-geffriaud\/\"><em>Julien Geffriaud<\/em><\/a><\/p>\n<p><img loading=\"lazy\" decoding=\"async\" src=\"https:\/\/engage.bullhorn.com\/engagex-europe-2020\/wp-content\/uploads\/sites\/11\/2020\/10\/EngageX_Alex_Carrey-300x300.jpg\" alt=\"\" width=\"300\" height=\"300\" \/><\/p>\n<p style=\"text-align: center\"><em><a href=\"https:\/\/engage.bullhorn.com\/engagex-europe-2020\/speakers\/alex-carrey\/\">Alex Carrey<\/a><\/em><\/p>\n<p><img loading=\"lazy\" decoding=\"async\" src=\"https:\/\/engage.bullhorn.com\/engagex-europe-2020\/wp-content\/uploads\/sites\/11\/2020\/10\/EngageX_Marie_Verchere-300x300.jpg\" alt=\"\" width=\"300\" height=\"300\" \/><\/p>\n<p style=\"text-align: center\"><a href=\"https:\/\/engage.bullhorn.com\/engagex-europe-2020\/speakers\/marie-verchere\/\"><em>Marie Verch\u00e8re<\/em><\/a><\/p>\n<p>Avant COVID-19, des changements importants \u00e9taient d\u00e9j\u00e0 notables dans la mani\u00e8 re de contacter candidats et clients via les canaux digitaux. Cependant, la n\u00e9cessit\u00e9 de r\u00e9\u00e9valuer les strat\u00e9gies et tactiques marketing a pris la priorit\u00e9 pour de nombreux leaders dans ce monde plus \u00e9loign\u00e9, y compris l\u2019obtention d\u2019un retour sur investissement fort de tous les efforts, en ligne et hors ligne. Au cours de cette session, les responsables marketing fran\u00e7ais partageront leur point de vue sur les principales priorit\u00e9s marketing d\u2019aujourd\u2019hui, en alignant les tactiques marketing sur les objectifs de vente et du recrutement, en tirant parti des outils digitaux et en partageant les meilleures pratiques sur la mani\u00e8 re dont ils \u00e9laborent des plans marketing pour r\u00e9pondre \u00e0\u00a0 cet environnement en constante \u00e9volution.<\/p>\n<p style=\"text-align: center\">Nous proposons \u00e9galement des sessions qui se focalisent sur les derni\u00e8 res nouveaut\u00e9s produit, \u00e9tudes des cas clients et bien d\u2019autres sujets. Merci de noter que ces sessions seront en anglais.<\/p>\n<h5><\/h5>\n<table dir=\"ltr\" border=\"1\" cellspacing=\"10\" cellpadding=\"10\">\n<colgroup>\n<col width=\"250&quot;\" \/><\/colgroup>\n<tbody>\n<tr>\n<td style=\"text-align: center\" data-sheets-value=\"{&quot;1&quot;:2,&quot;2&quot;:&quot;Impact&quot;}\">&nbsp;<\/p>\n<p><img loading=\"lazy\" decoding=\"async\" src=\"https:\/\/engage.bullhorn.com\/engagex-europe-2020\/wp-content\/uploads\/sites\/11\/2020\/09\/BH.png\" alt=\"\" width=\"70\" height=\"131\" \/><\/p>\n<h4>\u00a0 \u00a0Bullhorn Product Track<br \/>\n(English)<\/h4>\n<p>&nbsp;<\/td>\n<\/tr>\n<tr>\n<td data-sheets-value=\"{&quot;1&quot;:2,&quot;2&quot;:&quot;Positive&quot;}\">&nbsp;<\/p>\n<p style=\"text-align: center\">Automation and the New<br \/>\nWorld of Work<\/p>\n<p>&nbsp;<\/td>\n<\/tr>\n<tr>\n<td data-sheets-value=\"{&quot;1&quot;:2,&quot;2&quot;:&quot;Negative&quot;}\">&nbsp;<\/p>\n<p style=\"text-align: center\">Bullhorn Platform &#8211; Latest and Greatest Releases<\/p>\n<p>&nbsp;<\/td>\n<\/tr>\n<tr>\n<td data-sheets-value=\"{&quot;1&quot;:2,&quot;2&quot;:&quot;No Impact&quot;}\">&nbsp;<\/p>\n<p style=\"text-align: center\">What&#8217;s in Your Tech Stack?<\/p>\n<p>&nbsp;<\/td>\n<\/tr>\n<\/tbody>\n<\/table>\n<p>&nbsp;<\/p>\n<h5><\/h5>\n<table dir=\"ltr\" border=\"1\" cellspacing=\"10\" cellpadding=\"10\">\n<colgroup>\n<col width=\"250&quot;\" \/><\/colgroup>\n<tbody>\n<tr>\n<td style=\"text-align: center\" data-sheets-value=\"{&quot;1&quot;:2,&quot;2&quot;:&quot;Impact&quot;}\">&nbsp;<\/p>\n<h4><img loading=\"lazy\" decoding=\"async\" src=\"https:\/\/engage.bullhorn.com\/engagex-europe-2020\/wp-content\/uploads\/sites\/11\/2019\/08\/Platform_Track_Icon_V1-2-e1601302725521.png\" alt=\"\" width=\"82\" height=\"116\" \/><\/h4>\n<h4>Bullhorn Salesforce Track<br \/>\n(English)<\/h4>\n<p>&nbsp;<\/td>\n<\/tr>\n<tr>\n<td data-sheets-value=\"{&quot;1&quot;:2,&quot;2&quot;:&quot;Positive&quot;}\">&nbsp;<\/p>\n<p style=\"text-align: center\">Leveraging Salesforce Extensibility for Success<\/p>\n<p>&nbsp;<\/td>\n<\/tr>\n<tr>\n<td data-sheets-value=\"{&quot;1&quot;:2,&quot;2&quot;:&quot;Negative&quot;}\">&nbsp;<\/p>\n<p style=\"text-align: center\">Salesforce Customer Story<\/p>\n<p>&nbsp;<\/td>\n<\/tr>\n<tr>\n<td data-sheets-value=\"{&quot;1&quot;:2,&quot;2&quot;:&quot;No Impact&quot;}\">&nbsp;<\/p>\n<p style=\"text-align: center\">Recruitment-specific Automation with Herefish on Salesforce<\/p>\n<p>&nbsp;<\/td>\n<\/tr>\n<\/tbody>\n<\/table>\n<p>&nbsp;<\/p>\n<h5><\/h5>\n<table dir=\"ltr\" border=\"1\" cellspacing=\"10\" cellpadding=\"10\">\n<colgroup>\n<col width=\"250&quot;\" \/><\/colgroup>\n<tbody>\n<tr>\n<td style=\"text-align: center\" data-sheets-value=\"{&quot;1&quot;:2,&quot;2&quot;:&quot;Impact&quot;}\">&nbsp;<\/p>\n<p><img loading=\"lazy\" decoding=\"async\" src=\"https:\/\/engage.bullhorn.com\/engagex-europe-2020\/wp-content\/uploads\/sites\/11\/2020\/09\/Invenias.png\" alt=\"\" width=\"72\" height=\"132\" \/><\/p>\n<h4>\u00a0 \u00a0Executive Search Track<br \/>\n(English)<\/h4>\n<p>&nbsp;<\/td>\n<\/tr>\n<tr>\n<td data-sheets-value=\"{&quot;1&quot;:2,&quot;2&quot;:&quot;Positive&quot;}\">&nbsp;<\/p>\n<p style=\"text-align: center\">Executive Search:<br \/>\nWelcome Address<\/p>\n<p>&nbsp;<\/td>\n<\/tr>\n<tr>\n<td data-sheets-value=\"{&quot;1&quot;:2,&quot;2&quot;:&quot;Negative&quot;}\">&nbsp;<\/p>\n<p style=\"text-align: center\">The Path to Success in 2021<\/p>\n<p>&nbsp;<\/td>\n<\/tr>\n<tr>\n<td data-sheets-value=\"{&quot;1&quot;:2,&quot;2&quot;:&quot;No Impact&quot;}\">&nbsp;<\/p>\n<p style=\"text-align: center\">The Power of a Diverse Leadership Team<\/p>\n<p>&nbsp;<\/td>\n<\/tr>\n<\/tbody>\n<\/table>\n<p>&nbsp;<\/p>\n<p style=\"text-align: center\">Cet \u00e9v\u00e9nement est GRATUIT! Enregistrez-vous d\u00e8 s aujourd&#8217;hui pour acc\u00e9der \u00e0 tout le contenu le jour J et \u00ea tre capable d\u2019y avoir acc\u00e8 s apr\u00e8 s l&#8217;\u00e9v\u00e9nement aussi.<\/p>\n<p style=\"text-align: center\"><a href=\"https:\/\/engage.bullhorn.com\/engagex-europe-2020\/register-now\/\">Enregistrez-vous!<\/a><\/p>\n","protected":false},"excerpt":{"rendered":"<p>Sessions focalis\u00e9es sur le march\u00e9 Fran\u00e7ais Enregistrez-vous! Rendez-nous visite \u00e0\u00a0 EngageX Europe 2020, o\u00f9\u00a0 des centaines d&#8217;experts de l\u2019industrie du recrutement se r\u00e9unissent dans un \u00e9v\u00e9nement virtuel pour networker, apprendre et discuter des d\u00e9fis, des tendances et des opportunit\u00e9s commerciales disponibles aux acteurs du march\u00e9 aujourd\u2019hui. Cette ann\u00e9e, nous vous proposons un total de deux [&hellip;]<\/p>\n","protected":false},"author":10,"featured_media":1163,"parent":0,"menu_order":0,"comment_status":"closed","ping_status":"closed","template":"","meta":{"_acf_changed":false,"footnotes":""},"class_list":["post-1301","page","type-page","status-publish","has-post-thumbnail","hentry"],"acf":[],"yoast_head":"<!-- This site is optimized with the Yoast SEO plugin v27.5 - https:\/\/yoast.com\/product\/yoast-seo-wordpress\/ -->\n<title>French content - EngageX Europe 2020<\/title>\n<meta name=\"robots\" content=\"index, follow, max-snippet:-1, max-image-preview:large, max-video-preview:-1\" \/>\n<link rel=\"canonical\" href=\"https:\/\/s40808.p1563.sites.pressdns.com\/engagex-europe-2020\/french-content\/\" \/>\n<meta property=\"og:locale\" content=\"en_US\" \/>\n<meta property=\"og:type\" content=\"article\" \/>\n<meta property=\"og:title\" content=\"French content - EngageX Europe 2020\" \/>\n<meta property=\"og:description\" content=\"Sessions focalis\u00e9es sur le march\u00e9 Fran\u00e7ais Enregistrez-vous! Rendez-nous visite \u00e0\u00a0 EngageX Europe 2020, o\u00f9\u00a0 des centaines d&#8217;experts de l\u2019industrie du recrutement se r\u00e9unissent dans un \u00e9v\u00e9nement virtuel pour networker, apprendre et discuter des d\u00e9fis, des tendances et des opportunit\u00e9s commerciales disponibles aux acteurs du march\u00e9 aujourd\u2019hui. Cette ann\u00e9e, nous vous proposons un total de deux [&hellip;]\" \/>\n<meta property=\"og:url\" content=\"https:\/\/s40808.p1563.sites.pressdns.com\/engagex-europe-2020\/french-content\/\" \/>\n<meta property=\"og:site_name\" content=\"EngageX Europe 2020\" \/>\n<meta property=\"article:modified_time\" content=\"2020-10-22T16:00:32+00:00\" \/>\n<meta property=\"og:image\" content=\"https:\/\/s40808.p1563.sites.pressdns.com\/engagex-europe-2020\/wp-content\/uploads\/sites\/11\/2020\/09\/EngageXEurope20_eventbrite-B-V1.png\" \/>\n\t<meta property=\"og:image:width\" content=\"2160\" \/>\n\t<meta property=\"og:image:height\" content=\"1080\" \/>\n\t<meta property=\"og:image:type\" content=\"image\/png\" \/>\n<meta name=\"twitter:card\" content=\"summary_large_image\" \/>\n<meta name=\"twitter:label1\" content=\"Est. reading time\" \/>\n\t<meta name=\"twitter:data1\" content=\"3 minutes\" \/>\n<script type=\"application\/ld+json\" class=\"yoast-schema-graph\">{\"@context\":\"https:\\\/\\\/schema.org\",\"@graph\":[{\"@type\":\"WebPage\",\"@id\":\"https:\\\/\\\/s40808.p1563.sites.pressdns.com\\\/engagex-europe-2020\\\/french-content\\\/\",\"url\":\"https:\\\/\\\/s40808.p1563.sites.pressdns.com\\\/engagex-europe-2020\\\/french-content\\\/\",\"name\":\"French content - EngageX Europe 2020\",\"isPartOf\":{\"@id\":\"https:\\\/\\\/s40808.p1563.sites.pressdns.com\\\/engagex-europe-2020\\\/#website\"},\"primaryImageOfPage\":{\"@id\":\"https:\\\/\\\/s40808.p1563.sites.pressdns.com\\\/engagex-europe-2020\\\/french-content\\\/#primaryimage\"},\"image\":{\"@id\":\"https:\\\/\\\/s40808.p1563.sites.pressdns.com\\\/engagex-europe-2020\\\/french-content\\\/#primaryimage\"},\"thumbnailUrl\":\"https:\\\/\\\/engage.bullhorn.com\\\/engagex-europe-2020\\\/wp-content\\\/uploads\\\/sites\\\/11\\\/2020\\\/09\\\/EngageXEurope20_eventbrite-B-V1.png\",\"datePublished\":\"2020-10-22T14:51:36+00:00\",\"dateModified\":\"2020-10-22T16:00:32+00:00\",\"breadcrumb\":{\"@id\":\"https:\\\/\\\/s40808.p1563.sites.pressdns.com\\\/engagex-europe-2020\\\/french-content\\\/#breadcrumb\"},\"inLanguage\":\"en-US\",\"potentialAction\":[{\"@type\":\"ReadAction\",\"target\":[\"https:\\\/\\\/s40808.p1563.sites.pressdns.com\\\/engagex-europe-2020\\\/french-content\\\/\"]}]},{\"@type\":\"ImageObject\",\"inLanguage\":\"en-US\",\"@id\":\"https:\\\/\\\/s40808.p1563.sites.pressdns.com\\\/engagex-europe-2020\\\/french-content\\\/#primaryimage\",\"url\":\"https:\\\/\\\/engage.bullhorn.com\\\/engagex-europe-2020\\\/wp-content\\\/uploads\\\/sites\\\/11\\\/2020\\\/09\\\/EngageXEurope20_eventbrite-B-V1.png\",\"contentUrl\":\"https:\\\/\\\/engage.bullhorn.com\\\/engagex-europe-2020\\\/wp-content\\\/uploads\\\/sites\\\/11\\\/2020\\\/09\\\/EngageXEurope20_eventbrite-B-V1.png\",\"width\":2160,\"height\":1080},{\"@type\":\"BreadcrumbList\",\"@id\":\"https:\\\/\\\/s40808.p1563.sites.pressdns.com\\\/engagex-europe-2020\\\/french-content\\\/#breadcrumb\",\"itemListElement\":[{\"@type\":\"ListItem\",\"position\":1,\"name\":\"Home\",\"item\":\"https:\\\/\\\/s40808.p1563.sites.pressdns.com\\\/engagex-europe-2020\\\/\"},{\"@type\":\"ListItem\",\"position\":2,\"name\":\"French content\"}]},{\"@type\":\"WebSite\",\"@id\":\"https:\\\/\\\/s40808.p1563.sites.pressdns.com\\\/engagex-europe-2020\\\/#website\",\"url\":\"https:\\\/\\\/s40808.p1563.sites.pressdns.com\\\/engagex-europe-2020\\\/\",\"name\":\"EngageX Europe 2020\",\"description\":\"\",\"potentialAction\":[{\"@type\":\"SearchAction\",\"target\":{\"@type\":\"EntryPoint\",\"urlTemplate\":\"https:\\\/\\\/s40808.p1563.sites.pressdns.com\\\/engagex-europe-2020\\\/?s={search_term_string}\"},\"query-input\":{\"@type\":\"PropertyValueSpecification\",\"valueRequired\":true,\"valueName\":\"search_term_string\"}}],\"inLanguage\":\"en-US\"}]}<\/script>\n<!-- \/ Yoast SEO plugin. -->","yoast_head_json":{"title":"French content - EngageX Europe 2020","robots":{"index":"index","follow":"follow","max-snippet":"max-snippet:-1","max-image-preview":"max-image-preview:large","max-video-preview":"max-video-preview:-1"},"canonical":"https:\/\/s40808.p1563.sites.pressdns.com\/engagex-europe-2020\/french-content\/","og_locale":"en_US","og_type":"article","og_title":"French content - EngageX Europe 2020","og_description":"Sessions focalis\u00e9es sur le march\u00e9 Fran\u00e7ais Enregistrez-vous! Rendez-nous visite \u00e0\u00a0 EngageX Europe 2020, o\u00f9\u00a0 des centaines d&#8217;experts de l\u2019industrie du recrutement se r\u00e9unissent dans un \u00e9v\u00e9nement virtuel pour networker, apprendre et discuter des d\u00e9fis, des tendances et des opportunit\u00e9s commerciales disponibles aux acteurs du march\u00e9 aujourd\u2019hui. Cette ann\u00e9e, nous vous proposons un total de deux [&hellip;]","og_url":"https:\/\/s40808.p1563.sites.pressdns.com\/engagex-europe-2020\/french-content\/","og_site_name":"EngageX Europe 2020","article_modified_time":"2020-10-22T16:00:32+00:00","og_image":[{"width":2160,"height":1080,"url":"https:\/\/s40808.p1563.sites.pressdns.com\/engagex-europe-2020\/wp-content\/uploads\/sites\/11\/2020\/09\/EngageXEurope20_eventbrite-B-V1.png","type":"image\/png"}],"twitter_card":"summary_large_image","twitter_misc":{"Est. reading time":"3 minutes"},"schema":{"@context":"https:\/\/schema.org","@graph":[{"@type":"WebPage","@id":"https:\/\/s40808.p1563.sites.pressdns.com\/engagex-europe-2020\/french-content\/","url":"https:\/\/s40808.p1563.sites.pressdns.com\/engagex-europe-2020\/french-content\/","name":"French content - EngageX Europe 2020","isPartOf":{"@id":"https:\/\/s40808.p1563.sites.pressdns.com\/engagex-europe-2020\/#website"},"primaryImageOfPage":{"@id":"https:\/\/s40808.p1563.sites.pressdns.com\/engagex-europe-2020\/french-content\/#primaryimage"},"image":{"@id":"https:\/\/s40808.p1563.sites.pressdns.com\/engagex-europe-2020\/french-content\/#primaryimage"},"thumbnailUrl":"https:\/\/engage.bullhorn.com\/engagex-europe-2020\/wp-content\/uploads\/sites\/11\/2020\/09\/EngageXEurope20_eventbrite-B-V1.png","datePublished":"2020-10-22T14:51:36+00:00","dateModified":"2020-10-22T16:00:32+00:00","breadcrumb":{"@id":"https:\/\/s40808.p1563.sites.pressdns.com\/engagex-europe-2020\/french-content\/#breadcrumb"},"inLanguage":"en-US","potentialAction":[{"@type":"ReadAction","target":["https:\/\/s40808.p1563.sites.pressdns.com\/engagex-europe-2020\/french-content\/"]}]},{"@type":"ImageObject","inLanguage":"en-US","@id":"https:\/\/s40808.p1563.sites.pressdns.com\/engagex-europe-2020\/french-content\/#primaryimage","url":"https:\/\/engage.bullhorn.com\/engagex-europe-2020\/wp-content\/uploads\/sites\/11\/2020\/09\/EngageXEurope20_eventbrite-B-V1.png","contentUrl":"https:\/\/engage.bullhorn.com\/engagex-europe-2020\/wp-content\/uploads\/sites\/11\/2020\/09\/EngageXEurope20_eventbrite-B-V1.png","width":2160,"height":1080},{"@type":"BreadcrumbList","@id":"https:\/\/s40808.p1563.sites.pressdns.com\/engagex-europe-2020\/french-content\/#breadcrumb","itemListElement":[{"@type":"ListItem","position":1,"name":"Home","item":"https:\/\/s40808.p1563.sites.pressdns.com\/engagex-europe-2020\/"},{"@type":"ListItem","position":2,"name":"French content"}]},{"@type":"WebSite","@id":"https:\/\/s40808.p1563.sites.pressdns.com\/engagex-europe-2020\/#website","url":"https:\/\/s40808.p1563.sites.pressdns.com\/engagex-europe-2020\/","name":"EngageX Europe 2020","description":"","potentialAction":[{"@type":"SearchAction","target":{"@type":"EntryPoint","urlTemplate":"https:\/\/s40808.p1563.sites.pressdns.com\/engagex-europe-2020\/?s={search_term_string}"},"query-input":{"@type":"PropertyValueSpecification","valueRequired":true,"valueName":"search_term_string"}}],"inLanguage":"en-US"}]}},"_links":{"self":[{"href":"https:\/\/engage.bullhorn.com\/engagex-europe-2020\/wp-json\/wp\/v2\/pages\/1301","targetHints":{"allow":["GET"]}}],"collection":[{"href":"https:\/\/engage.bullhorn.com\/engagex-europe-2020\/wp-json\/wp\/v2\/pages"}],"about":[{"href":"https:\/\/engage.bullhorn.com\/engagex-europe-2020\/wp-json\/wp\/v2\/types\/page"}],"author":[{"embeddable":true,"href":"https:\/\/engage.bullhorn.com\/engagex-europe-2020\/wp-json\/wp\/v2\/users\/10"}],"replies":[{"embeddable":true,"href":"https:\/\/engage.bullhorn.com\/engagex-europe-2020\/wp-json\/wp\/v2\/comments?post=1301"}],"version-history":[{"count":0,"href":"https:\/\/engage.bullhorn.com\/engagex-europe-2020\/wp-json\/wp\/v2\/pages\/1301\/revisions"}],"wp:featuredmedia":[{"embeddable":true,"href":"https:\/\/engage.bullhorn.com\/engagex-europe-2020\/wp-json\/wp\/v2\/media\/1163"}],"wp:attachment":[{"href":"https:\/\/engage.bullhorn.com\/engagex-europe-2020\/wp-json\/wp\/v2\/media?parent=1301"}],"curies":[{"name":"wp","href":"https:\/\/api.w.org\/{rel}","templated":true}]}}