{"id":1164,"date":"2020-09-29T16:50:38","date_gmt":"2020-09-29T16:50:38","guid":{"rendered":"https:\/\/engage.bullhorn.com\/engagex-europe-2020\/?page_id=1164"},"modified":"2020-10-22T15:19:42","modified_gmt":"2020-10-22T15:19:42","slug":"dach-content","status":"publish","type":"page","link":"https:\/\/engage.bullhorn.com\/engagex-europe-2020\/dach-content\/","title":{"rendered":"DACH content"},"content":{"rendered":"<h1 style=\"text-align: center;\"><b>DACH Breakout Session Details <\/b><\/h1>\n<p style=\"text-align: center;\"><a href=\"https:\/\/engage.bullhorn.com\/engagex-europe-2020\/register-now\/\">Jetzt registrieren!<\/a><\/p>\n<p>Besuchen Sie uns auf der EngageX Europe 2020, wo Tausende von Personalbeschaffungsexperten in einem einzigen (virtuellen) Raum aufeinander treffen, um gemeinsam zu netzwerken, zu lernen und \u00fcber Herausforderungen, Gesch\u00e4 ftsm\u00f6 glichkeiten und vieles mehr zu sprechen.<\/p>\n<p>Dieses Jahr bieten wir Ihnen insgesamt drei Breakout Sessions auf Deutsch, die auf die spezifischen regionalen Bed\u00fcrfnisse des DACH Marktes angepasst sind. Selbstverst\u00e4 ndlich k\u00f6 nnen Sie auch an unseren englischsprachigen Sessions teilnehmen wie z.B. die Vision for Innovation Keynote unseres CTOs und<br \/>\nPr\u00e4 sidenten Matt Fisher oder an unserem Marketplace-Showdown.<\/p>\n<h4>Die deutsche Personalvermittlungsbranche \u2013 R\u00fcckblick und Ausblick<\/h4>\n<p><a href=\"https:\/\/engage.bullhorn.com\/engagex-europe-2020\/speakers\/wim-davidse\/\"><img loading=\"lazy\" decoding=\"async\" src=\"https:\/\/engage.bullhorn.com\/engagex-europe-2020\/wp-content\/uploads\/sites\/11\/2020\/09\/EngageX_Luenendonk-300x300.jpg\" alt=\"\" width=\"300\" height=\"300\" \/><\/a><\/p>\n<p style=\"text-align: center;\"><a href=\"https:\/\/engage.bullhorn.com\/engagex-europe-2020\/speakers\/jonas-lunendonk\/\"><em><i>Jonas L\u00fcnendonk<\/i><\/em><\/a><\/p>\n<p>Der deutsche Personalvermittlungsmarkt z\u00e4 hlt zu einem der gr\u00f6\u00dften in Europa. Selbstverst\u00e4 ndlich besch\u00e4 ftigen die hier t\u00e4 tigen Unternehmen globale Trends und Entwicklungen rund um Digitalisierung, Automatisierung, Brexit und Covid-19, allerdings gibt es auch zahlreiche landesspezifische Besonderheiten. Hierzu z\u00e4 hlen die starke Ausrichtung der Personaldienstleistungsbranche auf die Automobilindustrie und das verarbeitende Gewerbe, die Neuregelung der Arbeitnehmer\u00fcberlassung 2017, der<br \/>\nFachkr\u00e4 ftemangel im Bereich IT-naher Qualifikationen sowie Herausforderungen bei der Digitalisierung des eigenen Gesch\u00e4 fts.\u00a0<\/p>\n<p>Die 2020er Jahre werden herausfordernd f\u00fcr viele Unternehmen sein, aber wo Wandel ist, gibt es auch Chancen \u2013 das zeigen unsere Studien. In diesem Vortrag erhalten Sie einen kompakten Markt\u00fcberblick \u00fcber Kunden- und Anbietergruppen sowie Prognosen und Informationen dazu, welche Themen Personaldienstleistungsunternehmen derzeit bewegen!\u00a0 <\/p>\n<h4>Die digitale Transformation erfolgreich vorantreiben: wie Sie die Akzeptanz, Implementierung und Einf\u00fchrung erfolgreich meistern<\/h4>\n<p><img loading=\"lazy\" decoding=\"async\" src=\"https:\/\/engage.bullhorn.com\/engagex-europe-2020\/wp-content\/uploads\/sites\/11\/2020\/10\/EngageX_Bj\u00f6rn_Schwenzer-300x300.jpg\" alt=\"\" width=\"300\" height=\"300\" \/><\/p>\n<p style=\"text-align: center;\"><a href=\"https:\/\/engage.bullhorn.com\/engagex-europe-2020\/speakers\/bjorn-schwenzer\/\"><i>Bjorn Schwenzer<\/i><\/a><\/p>\n<p><img loading=\"lazy\" decoding=\"async\" src=\"https:\/\/engage.bullhorn.com\/engagex-europe-2020\/wp-content\/uploads\/sites\/11\/2020\/10\/EngageX_Marina_Zayats-300x300.jpg\" alt=\"\" width=\"300\" height=\"300\" \/><\/p>\n<p style=\"text-align: center;\"><a href=\"https:\/\/engage.bullhorn.com\/engagex-europe-2020\/speakers\/marina-zayats\/\"><i>Marina Zayats<\/i><\/a><\/p>\n<p><img loading=\"lazy\" decoding=\"async\" src=\"https:\/\/engage.bullhorn.com\/engagex-europe-2020\/wp-content\/uploads\/sites\/11\/2020\/10\/EngageX_Daniel-300x300.jpg\" alt=\"\" width=\"300\" height=\"300\" \/><\/p>\n<p style=\"text-align: center;\"><a href=\"https:\/\/engage.bullhorn.com\/engagex-europe-2020\/speakers\/daniel-joseph\/\"><i>Daniel Joseph<\/i><\/a><\/p>\n<p>Die digitale Transformation wird gef\u00fchlt oft als Buzzword verwendet, aber was bedeutet sie wirklich? Wie sieht sie in der Praxis aus? Und wie kann man tats\u00e4chlich Ver\u00e4nderungen innerhalb einer Organisation vorantreiben?<\/p>\n<p>Begleiten Sie uns bei einer spannenden Diskussion, die sich vorrangig auf die praktischen Aspekte der Einf\u00fchrung der digitalen Transformation fokussiert und nehmen Sie umsetzbare n\u00e4chste Schritte f\u00fcr Ihr Unternehmen mit nach Hause. In dieser Panel-Diskussion gehen wir in den Dialog mit einigen Experten bzw. \u201cChangemakern\u201d, die Ihnen Beispiele aus dem echten Leben mitbringen zu den Ver\u00e4nderungen, die sie selGMT implementiert haben, und zwar sowohl auf der Prozess- als auch auf der Technologieebene. Zudem werden unsere Referenten in dieser Session Ihre Ans\u00e4tze zur Organisationsstruktur und Einf\u00fchrung mit Ihnen teilen, damit Ihre Ver\u00e4nderungen Ihnen langfristig Erfolg bringen werden.<\/p>\n<h4>Welche Verhaltensunterschiede gibt es zwischen Frauen und M\u00e4nnern in F\u00fchrungspositionen?<\/h4>\n<p><a href=\"https:\/\/engage.bullhorn.com\/engagex-europe-2020\/speakers\/melanie-vinci\"><img loading=\"lazy\" decoding=\"async\" src=\"https:\/\/engage.bullhorn.com\/engagex-europe-2020\/wp-content\/uploads\/sites\/11\/2020\/09\/EngageX_Melanie_Vinci-300x300.jpg\" alt=\"\" width=\"300\" height=\"300\" \/><\/a><\/p>\n<p style=\"text-align: center;\"><a href=\"https:\/\/engage.bullhorn.com\/engagex-europe-2020\/speakers\/melanie-vinci\"><i>Melanie Vinci<\/i><\/a><\/p>\n<p><img loading=\"lazy\" decoding=\"async\" src=\"https:\/\/engage.bullhorn.com\/engagex-europe-2020\/wp-content\/uploads\/sites\/11\/2020\/10\/EngageX_Andree_Westermann-300x300.jpg\" alt=\"\" width=\"300\" height=\"300\" \/><\/p>\n<p style=\"text-align: center;\"><a href=\"https:\/\/engage.bullhorn.com\/engagex-europe-2020\/speakers\/andree-westermann\/\"><i>Andree Westermann<\/i><\/a><\/p>\n<p>Kommen Sie zu unserem Fireside Chat mit Melanie Vinci, Mitglied der Gesch\u00e4 ftsleitung, persona service AG &amp; Co. KG und Andree Westermann, CEO of GVO Personal GmbH und erfahren Sie mehr dar\u00fcber, wie M\u00e4nner und Frauen sich in F\u00fc hrungspositionen verhalten und an welchen Stellen Ihre Einstellung zu Teamarbeit, Emotionalit\u00e4 t und Selbstvermarktung sich \u00e4hneln und\/oder unterscheiden.<\/p>\n<p>Des weiteren werden Konflikte er\u00f6 rtert, die oft entstehen zwischen dem weit verbreiteten Konzept von F\u00fchrung und der Art, wie Frauen F\u00fc hrungspositionen verstehen. Zudem werden wir anhand von Beispielen aufzeigen inwiefern sich diese Faktoren auf die Personalbeschaffungsbranche auswirken. Lernen Sie, wie Sie die subtilen Unterschiede als F\u00fchrungskraft mit Personalverantwortung einsetzen k\u00f6 nnen, um Diversit\u00e4 t m\u00f6 glichst gewinnbringend in Ihrem Unternehmen zu nutzen.<\/p>\n<h4>Roundtable-Diskussion: Erfolgreiche Kandidatenansprache im Active Sourcing &#8211; und was der Mensch da zu suchen hat<\/h4>\n<p><img loading=\"lazy\" decoding=\"async\" src=\"https:\/\/engage.bullhorn.com\/engagex-europe-2020\/wp-content\/uploads\/sites\/11\/2020\/10\/EngageX_Henrik_Zaborowski-300x300.jpg\" alt=\"\" width=\"300\" height=\"300\" \/><\/p>\n<p style=\"text-align: center;\"><a href=\"https:\/\/engage.bullhorn.com\/engagex-europe-2020\/speakers\/henrik-zaborowski\/\"><i>Henrik Zaborowski<\/i><\/a><\/p>\n<p>Active Sourcing ist mittlerweile Standard geworden in Deutschland. Allerdings scheint es auch Standard zu sein, auf XING und Linkedin unpers\u00f6nliche Massenansprachen zu verschicken, ganz nach dem Motto \u201eviel hilft viel und das Management will ja Zahlen sehen\u201c. Die Folge: Immer mehr der gesuchten Top Talente reagieren genervt, ignorieren die Nachrichten oder verlassen die Plattformen. Die Personaldienstleistungsbranche schaufelt sich so ihr eigenes Grab. Dabei geht es besser. Individualisiert und trotzdem \u201ehalbwegs massentauglich\u201c. Wie? Dazu gibt Sourcing Experte und Redner Henrik Zaborowski Input und l\u00e4dt zum offenen Austausch in diesem Round Table ein.<\/p>\n<p style=\"text-align: center;\">Zudem haben Sie die M\u00f6 glichkeit, an unseren englischsprachigen Session Tracks teilzunehmen, die sich auf unser gesamtes Produktangebot fokussieren &#8211; in diesen Sessions bieten wir Ihnen Einblicke in die letzten Updates auf unseren Roadmaps sowie Anwenderberichte von unseren Kunden und vieles mehr!<\/p>\n<h5><\/h5>\n<table dir=\"ltr\" border=\"1\" cellspacing=\"10\" cellpadding=\"10\">\n<colgroup>\n<col width=\"250&quot;\" \/><\/colgroup>\n<tbody>\n<tr>\n<td style=\"text-align: center;\" data-sheets-value=\"{&quot;1&quot;:2,&quot;2&quot;:&quot;Impact&quot;}\">&nbsp;<\/p>\n<p><img loading=\"lazy\" decoding=\"async\" src=\"https:\/\/engage.bullhorn.com\/engagex-europe-2020\/wp-content\/uploads\/sites\/11\/2020\/09\/BH.png\" alt=\"\" width=\"70\" height=\"131\" \/><\/p>\n<h4>\u00a0 \u00a0Bullhorn Product Track<br \/>\n(English)<\/h4>\n<p>&nbsp;<\/td>\n<\/tr>\n<tr>\n<td data-sheets-value=\"{&quot;1&quot;:2,&quot;2&quot;:&quot;Positive&quot;}\">&nbsp;<\/p>\n<p style=\"text-align: center;\">Automation and the New<br \/>\nWorld of Work<\/p>\n<p>&nbsp;<\/td>\n<\/tr>\n<tr>\n<td data-sheets-value=\"{&quot;1&quot;:2,&quot;2&quot;:&quot;Negative&quot;}\">&nbsp;<\/p>\n<p style=\"text-align: center;\">Bullhorn Platform &#8211; Latest and Greatest Releases<\/p>\n<p>&nbsp;<\/td>\n<\/tr>\n<tr>\n<td data-sheets-value=\"{&quot;1&quot;:2,&quot;2&quot;:&quot;No Impact&quot;}\">&nbsp;<\/p>\n<p style=\"text-align: center;\">What&#8217;s in Your Tech Stack?<\/p>\n<p>&nbsp;<\/td>\n<\/tr>\n<\/tbody>\n<\/table>\n<p>&nbsp;<\/p>\n<h5><\/h5>\n<table dir=\"ltr\" border=\"1\" cellspacing=\"10\" cellpadding=\"10\">\n<colgroup>\n<col width=\"250&quot;\" \/><\/colgroup>\n<tbody>\n<tr>\n<td style=\"text-align: center;\" data-sheets-value=\"{&quot;1&quot;:2,&quot;2&quot;:&quot;Impact&quot;}\">&nbsp;<\/p>\n<h4><img loading=\"lazy\" decoding=\"async\" src=\"https:\/\/engage.bullhorn.com\/engagex-europe-2020\/wp-content\/uploads\/sites\/11\/2019\/08\/Platform_Track_Icon_V1-2-e1601302725521.png\" alt=\"\" width=\"82\" height=\"116\" \/><\/h4>\n<h4>Bullhorn Salesforce Track<br \/>\n(English)<\/h4>\n<p>&nbsp;<\/td>\n<\/tr>\n<tr>\n<td data-sheets-value=\"{&quot;1&quot;:2,&quot;2&quot;:&quot;Positive&quot;}\">&nbsp;<\/p>\n<p style=\"text-align: center;\">Leveraging Salesforce Extensibility for Success<\/p>\n<p>&nbsp;<\/td>\n<\/tr>\n<tr>\n<td data-sheets-value=\"{&quot;1&quot;:2,&quot;2&quot;:&quot;Negative&quot;}\">&nbsp;<\/p>\n<p style=\"text-align: center;\">Salesforce Customer Story<\/p>\n<p>&nbsp;<\/td>\n<\/tr>\n<tr>\n<td data-sheets-value=\"{&quot;1&quot;:2,&quot;2&quot;:&quot;No Impact&quot;}\">&nbsp;<\/p>\n<p style=\"text-align: center;\">Recruitment-specific Automation with Herefish on Salesforce<\/p>\n<p>&nbsp;<\/td>\n<\/tr>\n<\/tbody>\n<\/table>\n<p>&nbsp;<\/p>\n<h5><\/h5>\n<table dir=\"ltr\" border=\"1\" cellspacing=\"10\" cellpadding=\"10\">\n<colgroup>\n<col width=\"250&quot;\" \/><\/colgroup>\n<tbody>\n<tr>\n<td style=\"text-align: center;\" data-sheets-value=\"{&quot;1&quot;:2,&quot;2&quot;:&quot;Impact&quot;}\">&nbsp;<\/p>\n<p><img loading=\"lazy\" decoding=\"async\" src=\"https:\/\/engage.bullhorn.com\/engagex-europe-2020\/wp-content\/uploads\/sites\/11\/2020\/09\/Invenias.png\" alt=\"\" width=\"72\" height=\"132\" \/><\/p>\n<h4>\u00a0 \u00a0Executive Search Track<br \/>\n(English)<\/h4>\n<p>&nbsp;<\/td>\n<\/tr>\n<tr>\n<td data-sheets-value=\"{&quot;1&quot;:2,&quot;2&quot;:&quot;Positive&quot;}\">&nbsp;<\/p>\n<p style=\"text-align: center;\">Executive Search:<br \/>\nWelcome Address<\/p>\n<p>&nbsp;<\/td>\n<\/tr>\n<tr>\n<td data-sheets-value=\"{&quot;1&quot;:2,&quot;2&quot;:&quot;Negative&quot;}\">&nbsp;<\/p>\n<p style=\"text-align: center;\">The Path to Success in 2021<\/p>\n<p>&nbsp;<\/td>\n<\/tr>\n<tr>\n<td data-sheets-value=\"{&quot;1&quot;:2,&quot;2&quot;:&quot;No Impact&quot;}\">&nbsp;<\/p>\n<p style=\"text-align: center;\">The Power of a Diverse Leadership Team<\/p>\n<p>&nbsp;<\/td>\n<\/tr>\n<\/tbody>\n<\/table>\n<p>&nbsp;<\/p>\n<h4>Weitere Highlights, die Sie nicht verpassen sollten:<\/h4>\n<p><img loading=\"lazy\" decoding=\"async\" src=\"https:\/\/engage.bullhorn.com\/engagex-europe-2020\/wp-content\/uploads\/sites\/11\/2020\/04\/Inspiring_Leaders_150x150_V2.png\" alt=\"\" width=\"70\" height=\"150\" \/><\/p>\n<p><img loading=\"lazy\" decoding=\"async\" src=\"https:\/\/engage.bullhorn.com\/engagex-europe-2020\/wp-content\/uploads\/sites\/11\/2020\/04\/Community_150x150_V1.png\" alt=\"\" width=\"70\" height=\"150\" \/><\/p>\n<p><img loading=\"lazy\" decoding=\"async\" src=\"https:\/\/engage.bullhorn.com\/engagex-europe-2020\/wp-content\/uploads\/sites\/11\/2020\/04\/OnDemand_Content_150x150_V1.png\" alt=\"\" width=\"150\" height=\"150\" \/><\/p>\n<p><strong>Roundtable-Diskussionen:<\/strong> Nehmen Sie an unseren Diskussionsgruppen mit Branchenkollegen zu Zukunftstrends im Bereich der Personalbeschaffung teil\u00a0<\/p>\n<p><strong>Marktplatz-Partner:<\/strong> Besuchen Sie virtuelle St\u00e4 nde oder folgen Sie unserer Marktplatz Speed Pitch-Session oder vereinbaren Sie individuelle Meetings <\/p>\n<p><strong>Produkt-Touren und Meisterkurse:<\/strong> Lernen Sie, wie Sie das Meiste aus Bullhorn-L\u00f6sungen herausholen und wie unsere neuen Produkte Ihre Agentur auf das n\u00e4 chste Level bringen k\u00f6nnen. <\/p>\n<p>Dieses Event ist komplett kostenlos! Registrieren Sie sich noch heute und erhalten Sie Zugang zu allen Live-Inhalten am Tag des Events sowie zu allen aufgezeichneten Inhalten, um diese zu einem sp\u00e4 teren Zeitpunkt anzusehen.<\/p>\n<p>Unsere vollst\u00e4 ndige Agenda finden Sie unter: <strong style=\"font-size: 18px;\"><a href=\"https:\/\/engage.bullhorn.com\/engagex-europe-2020\/agenda\/\">www.s40808.p1563.sites.pressdns.com\/engagex-europe-2020\/agenda<\/a><\/strong><\/p>\n<p style=\"text-align: center;\"><a href=\"https:\/\/engage.bullhorn.com\/engagex-europe-2020\/register-now\/\">Jetzt registrieren!<\/a><\/p>\n","protected":false},"excerpt":{"rendered":"<p>DACH Breakout Session Details Jetzt registrieren! Besuchen Sie uns auf der EngageX Europe 2020, wo Tausende von Personalbeschaffungsexperten in einem einzigen (virtuellen) Raum aufeinander treffen, um gemeinsam zu netzwerken, zu lernen und \u00fcber Herausforderungen, Gesch\u00e4 ftsm\u00f6 glichkeiten und vieles mehr zu sprechen. Dieses Jahr bieten wir Ihnen insgesamt drei Breakout Sessions auf Deutsch, die auf [&hellip;]<\/p>\n","protected":false},"author":10,"featured_media":1163,"parent":0,"menu_order":0,"comment_status":"closed","ping_status":"closed","template":"","meta":{"_acf_changed":false,"footnotes":""},"class_list":["post-1164","page","type-page","status-publish","has-post-thumbnail","hentry"],"acf":[],"yoast_head":"<!-- This site is optimized with the Yoast SEO plugin v27.3 - https:\/\/yoast.com\/product\/yoast-seo-wordpress\/ -->\n<title>DACH content - EngageX Europe 2020<\/title>\n<meta name=\"robots\" content=\"index, follow, max-snippet:-1, max-image-preview:large, max-video-preview:-1\" \/>\n<link rel=\"canonical\" href=\"https:\/\/s40808.p1563.sites.pressdns.com\/engagex-europe-2020\/dach-content\/\" \/>\n<meta property=\"og:locale\" content=\"en_US\" \/>\n<meta property=\"og:type\" content=\"article\" \/>\n<meta property=\"og:title\" content=\"DACH content - EngageX Europe 2020\" \/>\n<meta property=\"og:description\" content=\"DACH Breakout Session Details Jetzt registrieren! Besuchen Sie uns auf der EngageX Europe 2020, wo Tausende von Personalbeschaffungsexperten in einem einzigen (virtuellen) Raum aufeinander treffen, um gemeinsam zu netzwerken, zu lernen und \u00fcber Herausforderungen, Gesch\u00e4 ftsm\u00f6 glichkeiten und vieles mehr zu sprechen. Dieses Jahr bieten wir Ihnen insgesamt drei Breakout Sessions auf Deutsch, die auf [&hellip;]\" \/>\n<meta property=\"og:url\" content=\"https:\/\/s40808.p1563.sites.pressdns.com\/engagex-europe-2020\/dach-content\/\" \/>\n<meta property=\"og:site_name\" content=\"EngageX Europe 2020\" \/>\n<meta property=\"article:modified_time\" content=\"2020-10-22T15:19:42+00:00\" \/>\n<meta property=\"og:image\" content=\"https:\/\/s40808.p1563.sites.pressdns.com\/engagex-europe-2020\/wp-content\/uploads\/sites\/11\/2020\/09\/EngageXEurope20_eventbrite-B-V1.png\" \/>\n\t<meta property=\"og:image:width\" content=\"2160\" \/>\n\t<meta property=\"og:image:height\" content=\"1080\" \/>\n\t<meta property=\"og:image:type\" content=\"image\/png\" \/>\n<meta name=\"twitter:card\" content=\"summary_large_image\" \/>\n<meta name=\"twitter:label1\" content=\"Est. reading time\" \/>\n\t<meta name=\"twitter:data1\" content=\"4 minutes\" \/>\n<script type=\"application\/ld+json\" class=\"yoast-schema-graph\">{\"@context\":\"https:\\\/\\\/schema.org\",\"@graph\":[{\"@type\":\"WebPage\",\"@id\":\"https:\\\/\\\/s40808.p1563.sites.pressdns.com\\\/engagex-europe-2020\\\/dach-content\\\/\",\"url\":\"https:\\\/\\\/s40808.p1563.sites.pressdns.com\\\/engagex-europe-2020\\\/dach-content\\\/\",\"name\":\"DACH content - EngageX Europe 2020\",\"isPartOf\":{\"@id\":\"https:\\\/\\\/s40808.p1563.sites.pressdns.com\\\/engagex-europe-2020\\\/#website\"},\"primaryImageOfPage\":{\"@id\":\"https:\\\/\\\/s40808.p1563.sites.pressdns.com\\\/engagex-europe-2020\\\/dach-content\\\/#primaryimage\"},\"image\":{\"@id\":\"https:\\\/\\\/s40808.p1563.sites.pressdns.com\\\/engagex-europe-2020\\\/dach-content\\\/#primaryimage\"},\"thumbnailUrl\":\"https:\\\/\\\/engage.bullhorn.com\\\/engagex-europe-2020\\\/wp-content\\\/uploads\\\/sites\\\/11\\\/2020\\\/09\\\/EngageXEurope20_eventbrite-B-V1.png\",\"datePublished\":\"2020-09-29T16:50:38+00:00\",\"dateModified\":\"2020-10-22T15:19:42+00:00\",\"breadcrumb\":{\"@id\":\"https:\\\/\\\/s40808.p1563.sites.pressdns.com\\\/engagex-europe-2020\\\/dach-content\\\/#breadcrumb\"},\"inLanguage\":\"en-US\",\"potentialAction\":[{\"@type\":\"ReadAction\",\"target\":[\"https:\\\/\\\/s40808.p1563.sites.pressdns.com\\\/engagex-europe-2020\\\/dach-content\\\/\"]}]},{\"@type\":\"ImageObject\",\"inLanguage\":\"en-US\",\"@id\":\"https:\\\/\\\/s40808.p1563.sites.pressdns.com\\\/engagex-europe-2020\\\/dach-content\\\/#primaryimage\",\"url\":\"https:\\\/\\\/engage.bullhorn.com\\\/engagex-europe-2020\\\/wp-content\\\/uploads\\\/sites\\\/11\\\/2020\\\/09\\\/EngageXEurope20_eventbrite-B-V1.png\",\"contentUrl\":\"https:\\\/\\\/engage.bullhorn.com\\\/engagex-europe-2020\\\/wp-content\\\/uploads\\\/sites\\\/11\\\/2020\\\/09\\\/EngageXEurope20_eventbrite-B-V1.png\",\"width\":2160,\"height\":1080},{\"@type\":\"BreadcrumbList\",\"@id\":\"https:\\\/\\\/s40808.p1563.sites.pressdns.com\\\/engagex-europe-2020\\\/dach-content\\\/#breadcrumb\",\"itemListElement\":[{\"@type\":\"ListItem\",\"position\":1,\"name\":\"Home\",\"item\":\"https:\\\/\\\/s40808.p1563.sites.pressdns.com\\\/engagex-europe-2020\\\/\"},{\"@type\":\"ListItem\",\"position\":2,\"name\":\"DACH content\"}]},{\"@type\":\"WebSite\",\"@id\":\"https:\\\/\\\/s40808.p1563.sites.pressdns.com\\\/engagex-europe-2020\\\/#website\",\"url\":\"https:\\\/\\\/s40808.p1563.sites.pressdns.com\\\/engagex-europe-2020\\\/\",\"name\":\"EngageX Europe 2020\",\"description\":\"\",\"potentialAction\":[{\"@type\":\"SearchAction\",\"target\":{\"@type\":\"EntryPoint\",\"urlTemplate\":\"https:\\\/\\\/s40808.p1563.sites.pressdns.com\\\/engagex-europe-2020\\\/?s={search_term_string}\"},\"query-input\":{\"@type\":\"PropertyValueSpecification\",\"valueRequired\":true,\"valueName\":\"search_term_string\"}}],\"inLanguage\":\"en-US\"}]}<\/script>\n<!-- \/ Yoast SEO plugin. -->","yoast_head_json":{"title":"DACH content - EngageX Europe 2020","robots":{"index":"index","follow":"follow","max-snippet":"max-snippet:-1","max-image-preview":"max-image-preview:large","max-video-preview":"max-video-preview:-1"},"canonical":"https:\/\/s40808.p1563.sites.pressdns.com\/engagex-europe-2020\/dach-content\/","og_locale":"en_US","og_type":"article","og_title":"DACH content - EngageX Europe 2020","og_description":"DACH Breakout Session Details Jetzt registrieren! Besuchen Sie uns auf der EngageX Europe 2020, wo Tausende von Personalbeschaffungsexperten in einem einzigen (virtuellen) Raum aufeinander treffen, um gemeinsam zu netzwerken, zu lernen und \u00fcber Herausforderungen, Gesch\u00e4 ftsm\u00f6 glichkeiten und vieles mehr zu sprechen. Dieses Jahr bieten wir Ihnen insgesamt drei Breakout Sessions auf Deutsch, die auf [&hellip;]","og_url":"https:\/\/s40808.p1563.sites.pressdns.com\/engagex-europe-2020\/dach-content\/","og_site_name":"EngageX Europe 2020","article_modified_time":"2020-10-22T15:19:42+00:00","og_image":[{"width":2160,"height":1080,"url":"https:\/\/s40808.p1563.sites.pressdns.com\/engagex-europe-2020\/wp-content\/uploads\/sites\/11\/2020\/09\/EngageXEurope20_eventbrite-B-V1.png","type":"image\/png"}],"twitter_card":"summary_large_image","twitter_misc":{"Est. reading time":"4 minutes"},"schema":{"@context":"https:\/\/schema.org","@graph":[{"@type":"WebPage","@id":"https:\/\/s40808.p1563.sites.pressdns.com\/engagex-europe-2020\/dach-content\/","url":"https:\/\/s40808.p1563.sites.pressdns.com\/engagex-europe-2020\/dach-content\/","name":"DACH content - EngageX Europe 2020","isPartOf":{"@id":"https:\/\/s40808.p1563.sites.pressdns.com\/engagex-europe-2020\/#website"},"primaryImageOfPage":{"@id":"https:\/\/s40808.p1563.sites.pressdns.com\/engagex-europe-2020\/dach-content\/#primaryimage"},"image":{"@id":"https:\/\/s40808.p1563.sites.pressdns.com\/engagex-europe-2020\/dach-content\/#primaryimage"},"thumbnailUrl":"https:\/\/engage.bullhorn.com\/engagex-europe-2020\/wp-content\/uploads\/sites\/11\/2020\/09\/EngageXEurope20_eventbrite-B-V1.png","datePublished":"2020-09-29T16:50:38+00:00","dateModified":"2020-10-22T15:19:42+00:00","breadcrumb":{"@id":"https:\/\/s40808.p1563.sites.pressdns.com\/engagex-europe-2020\/dach-content\/#breadcrumb"},"inLanguage":"en-US","potentialAction":[{"@type":"ReadAction","target":["https:\/\/s40808.p1563.sites.pressdns.com\/engagex-europe-2020\/dach-content\/"]}]},{"@type":"ImageObject","inLanguage":"en-US","@id":"https:\/\/s40808.p1563.sites.pressdns.com\/engagex-europe-2020\/dach-content\/#primaryimage","url":"https:\/\/engage.bullhorn.com\/engagex-europe-2020\/wp-content\/uploads\/sites\/11\/2020\/09\/EngageXEurope20_eventbrite-B-V1.png","contentUrl":"https:\/\/engage.bullhorn.com\/engagex-europe-2020\/wp-content\/uploads\/sites\/11\/2020\/09\/EngageXEurope20_eventbrite-B-V1.png","width":2160,"height":1080},{"@type":"BreadcrumbList","@id":"https:\/\/s40808.p1563.sites.pressdns.com\/engagex-europe-2020\/dach-content\/#breadcrumb","itemListElement":[{"@type":"ListItem","position":1,"name":"Home","item":"https:\/\/s40808.p1563.sites.pressdns.com\/engagex-europe-2020\/"},{"@type":"ListItem","position":2,"name":"DACH content"}]},{"@type":"WebSite","@id":"https:\/\/s40808.p1563.sites.pressdns.com\/engagex-europe-2020\/#website","url":"https:\/\/s40808.p1563.sites.pressdns.com\/engagex-europe-2020\/","name":"EngageX Europe 2020","description":"","potentialAction":[{"@type":"SearchAction","target":{"@type":"EntryPoint","urlTemplate":"https:\/\/s40808.p1563.sites.pressdns.com\/engagex-europe-2020\/?s={search_term_string}"},"query-input":{"@type":"PropertyValueSpecification","valueRequired":true,"valueName":"search_term_string"}}],"inLanguage":"en-US"}]}},"_links":{"self":[{"href":"https:\/\/engage.bullhorn.com\/engagex-europe-2020\/wp-json\/wp\/v2\/pages\/1164","targetHints":{"allow":["GET"]}}],"collection":[{"href":"https:\/\/engage.bullhorn.com\/engagex-europe-2020\/wp-json\/wp\/v2\/pages"}],"about":[{"href":"https:\/\/engage.bullhorn.com\/engagex-europe-2020\/wp-json\/wp\/v2\/types\/page"}],"author":[{"embeddable":true,"href":"https:\/\/engage.bullhorn.com\/engagex-europe-2020\/wp-json\/wp\/v2\/users\/10"}],"replies":[{"embeddable":true,"href":"https:\/\/engage.bullhorn.com\/engagex-europe-2020\/wp-json\/wp\/v2\/comments?post=1164"}],"version-history":[{"count":0,"href":"https:\/\/engage.bullhorn.com\/engagex-europe-2020\/wp-json\/wp\/v2\/pages\/1164\/revisions"}],"wp:featuredmedia":[{"embeddable":true,"href":"https:\/\/engage.bullhorn.com\/engagex-europe-2020\/wp-json\/wp\/v2\/media\/1163"}],"wp:attachment":[{"href":"https:\/\/engage.bullhorn.com\/engagex-europe-2020\/wp-json\/wp\/v2\/media?parent=1164"}],"curies":[{"name":"wp","href":"https:\/\/api.w.org\/{rel}","templated":true}]}}